hat is -133333003 + -2302?
-200001311
In base 13, what is 21a2 - 5ab?
18c4
In base 14, what is -887 + 35397?
34910
In base 14, what is 5d784 + -1a?
5d768
In base 12, what is -11b34 - 162a8?
-28220
In base 10, what is -103697200 - 0?
-103697200
In base 10, what is 11517246 - -17?
11517263
In base 6, what is -51405040 + -120?
-51405200
In base 6, what is 124520353 + 53?
124520450
In base 14, what is -b933 + -8a?
-b9bd
In base 13, what is -c2141 + -232?
-c2373
In base 5, what is 10130132043 + 1?
10130132044
In base 11, what is 1 - 6785417?
-6785416
In base 6, what is 24 - 131020525?
-131020501
In base 14, what is 40213db - 4?
40213d7
In base 14, what is b0 - 514329?
-514259
In base 11, what is -88795 + -3a?
-88824
In base 13, what is b679 + 626?
bca2
In base 9, what is 0 + -182385?
-182385
In base 16, what is -37e030 + 1c?
-37e014
In base 2, what is -10110000100 - 1010000101101110?
-1010011011110010
In base 2, what is -1010 - 11111010100001111100000?
-11111010100001111101010
In base 10, what is 5 + 82155429?
82155434
In base 16, what is -5 + -20a5e07?
-20a5e0c
In base 3, what is 1102211212111 + -1100?
1102211211011
In base 12, what is -174b9426 - 3?
-174b9429
In base 12, what is a + -b8b77?
-b8b69
In base 6, what is 5235 - 24034?
-14355
In base 16, what is 5363eac - -5?
5363eb1
In base 11, what is -1201170 - 7?
-1201177
In base 13, what is 40c0103 - -50?
40c0153
In base 13, what is 3c - 87c7a3?
-87c764
In base 9, what is -1646 - -12483?
10736
In base 12, what is 4a02 + -6b85?
-2183
In base 6, what is 24 + 50422152?
50422220
In base 10, what is -3011 + 33947?
30936
In base 11, what is 0 + 2376665?
2376665
In base 14, what is 9b17a - -72a?
9b8a6
In base 8, what is -624733 + -30?
-624763
In base 13, what is -5 + 1958597?
1958592
In base 8, what is 47143 - -6?
47151
In base 6, what is 22154 - 14312?
3442
In base 10, what is 5930 + 767?
6697
In base 9, what is 337 - 50255?
-48817
In base 6, what is 10255 + 3003444?
3014143
In base 14, what is -1c + -12d161?
-12d17d
In base 3, what is -11022121001122 - 10?
-11022121001202
In base 11, what is -115056 + 43?
-115013
In base 2, what is -1101001100000001101011111 + 100?
-1101001100000001101011011
In base 14, what is 0 + 17469d?
17469d
In base 16, what is -4e - -92894?
92846
In base 3, what is -210 - 121010112111?
-121010120021
In base 12, what is 1390b087 - 6?
1390b081
In base 3, what is 2002 + 102001022?
102010101
In base 4, what is 2 - 13021101122121?
-13021101122113
In base 5, what is -10331301 + -333321?
-11220122
In base 2, what is -1010010101100010 + -1010111?
-1010010110111001
In base 3, what is -120001 - 101020011021?
-101020201022
In base 6, what is -31 - -121010255?
121010224
In base 6, what is -340 + 3544411?
3544031
In base 16, what is f7143 - 92?
f70b1
In base 8, what is 1500075 - -2512?
1502607
In base 3, what is -101011111200210 + 12?
-101011111200121
In base 15, what is -a62e5b - -5?
-a62e56
In base 4, what is 111220320312 + -22?
111220320230
In base 5, what is 1023213443311 + 2?
1023213443313
In base 8, what is 6527326 - -5?
6527333
In base 14, what is -10 + 1113a?
1112a
In base 7, what is 1554114 + 0?
1554114
In base 10, what is 1521 + -109?
1412
In base 5, what is 2334342 + -210210?
2124132
In base 13, what is -16 - a640c?
-a6425
In base 10, what is 468 - 45557?
-45089
In base 8, what is -336 + -1642671?
-1643227
In base 15, what is 654b + -50?
64eb
In base 11, what is -4 - 7729214?
-7729218
In base 13, what is -2a9539 + 8a?
-2a947c
In base 12, what is 3 + 497014?
497017
In base 2, what is -101001101011101100110 + 100001110?
-101001101011001011000
In base 14, what is -2695951 + 2?
-269594d
In base 8, what is -150135310 + 1?
-150135307
In base 8, what is -57205 + -352?
-57557
In base 6, what is 2101 - -1425324?
1431425
In base 14, what is 4061 + 6b4?
4735
In base 16, what is e36f2c + -5?
e36f27
In base 13, what is -453b4 + 40?
-45374
In base 3, what is -10111010020 + 1011?
-10111002002
In base 12, what is -11 - 1119b2?
-111a03
In base 9, what is 15020315 + -3?
15020312
In base 7, what is 21410 - 6064?
12313
In base 8, what is 40245 - 155?
40070
In base 12, what is 15 - 50725?
-50710
In base 15, what is -5 - ae9c36?
-ae9c3b
In base 8, what is -254166471 - 1?
-254166472
In base 8, what is 1634 + -237045?
-235211
In base 10, what is 65 - 756284?
-756219
In base 11, what is 28 - 102702?
-102685
In base 15, what is 35eaeb8 - 5?
35eaeb3
In base 15, what is 1bec - 724c?
-5550
In base 10, what is -5202 - 67946?
-73148
In base 9, what is 6 - 124558774?
-124558767
In base 14, what is 9c193d - -6?
9c1945
In base 5, what is 112102 + 33102?
200204
In base 4, what is -10022230 - -33230?
-3323000
In base 5, what is 202204410 + 1130?
202211040
In base 16, what is 338a7 - -b8?
3395f
In base 9, what is -1173588 + -77?
-1173676
In base 12, what is -4 - -1936321?
1936319
In base 2, what is 11100100010000110011101110 - -11?
11100100010000110011110001
In base 8, what is 17775343 - -2?
17775345
In base 8, what is -2423 + 14212?
11567
In base 13, what is -a3396 + -59?
-a3422
In base 7, what is -54044326 + -14?
-54044343
In base 2, what is -1001101000110110110101 - -1001101?
-1001101000110101101000
In base 7, what is -45 - 26221013?
-26221061
In base 9, what is -5735 + -1187?
-7033
In base 7, what is 3 - -3640005?
3640011
In base 6, what is -4 - -2500150042?
2500150034
In base 15, what is 2da - 35cab?
-359c1
In base 11, what is -a7557 - -23a?
-a7318
In base 9, what is -5073407 + 3?
-5073404
In base 11, what is 13 + 155548?
155560
In base 16, what is 1 + -8a8b6?
-8a8b5
In base 4, what is 30 + 31310133?
31310223
In base 12, what is 1 - -7aa54a9?
7aa54aa
In base 13, what is 5 - 91221a3?
-912219b
In base 2, what is -1111011111010011 - 1000?
-1111011111011011
In base 10, what is 371 + -1079188?
-1078817
In base 14, what is -8068d7 - -45?
-806892
In base 9, what is 6 + 4552673?
4552680
In base 10, what is 97263 - -1634?
98897
In base 16, what is -2ce447b - 5?
-2ce4480
In base 16, what is 96 - 27f2e6?
-27f250
In base 2, what is -1 - 1110011100001100101010110?
-1110011100001100101010111
In base 13, what is -1c0c - a42a?
-c339
In base 8, what is 1602 - 3436164?
-3434362
In base 12, what is -16167a337 + -2?
-16167a339
In base 4, what is -101311021101 - -11?
-101311021030
In base 14, what is 108 + 1204b?
12155
In base 7, what is -204551322 + 3?
-204551316
In base 9, what is 6487 - -13818?
21416
In base 10, what is 83 - -18168?
18251
In base 7, what is 46313630045 - 0?
46313630045
In base 14, what is 2 - -88cd84?
88cd86
In base 4, what is -3123 + -122112030?
-122121213
In base 2, what is 110011100111 + -11100101001100?
-10110001100101
In base 16, what is f05863 + -5?
f0585e
In base 7, what is -106 - -1030625?
1030516
In base 3, what is -2221101002 + 122022?
-2220201210
In base 3, what is 1 + 22210110200022?
22210110200100
In base 10, what is -66456 - -131?
-66325
In base 10, what is 960 + 249766?
250726
In base 10, what is 1035 - -490154?
491189
In base 14, what is 5 + 1d99605?
1d9960a
In base 13, what is 9c59 - a7?
9b82
In base 5, what is -13331122 - -1020?
-13330102
In base 5, what is -2333404430 + -3?
-2333404433
In base 6, what is -2 - 2124520225?
-2124520231
In base 11, what is -1 - -258a4a87?
258a4a86
In base 16, what is -1 + 55a8d3?
55a8d2
In base 5, what is 201 - 2323040431?
-2323040230
In base 8, what is 12 + -160466503?
-160466471
In base 6, what is -105325 - -104304?
-1021
In base 9, what is 0 + -1066678?
-1066678
In base 16, what is -1 - 1bbfd2?
-1bbfd3
In base 10, what is 54608353 - -1?
54608354
In base 6, what is -1312552513 + -2?
-1312552515
In base 7, what is -1006141404 + -1?
-1006141405
In base 4, what is -231303320 - 13013?
-231322333
In base 15, what is cad - -38db5?
39b73
In base 14, what is 1514 - -878d?
9ca3
In base 16, what is -6 + 469cb?
469c5
In base 10, what is -2 + -9933696?
-9933698
In base 16, what is -6 + f96ea0?
f96e9a
In base 3, what is 2 - 10100000012110?
-10100000012101
In base 12, what is -5271985 - -4?
-5271981
In base 4, what is 1323233320000211 + -2?
1323233320000203
In base 11, what is 76a3 + 853?
8446
In base 16, what is 54 - -2e8e5a?
2e8eae
In base 7, what is -42614 + -4034?
-46651
In base 10, what is 710517 - -443?
710960
In base 11, what is -2 + 44466270?
44466269
In base 4, wh